{"id":44,"date":"2017-01-31T16:17:24","date_gmt":"2017-01-31T15:17:24","guid":{"rendered":"http:\/\/www.mudokwan.at\/wordpress\/?page_id=44"},"modified":"2017-02-01T13:15:01","modified_gmt":"2017-02-01T12:15:01","slug":"das-geraet-der-tuttelbaer","status":"publish","type":"page","link":"https:\/\/mudokwan.at\/wordpress\/das-geraet-der-tuttelbaer\/","title":{"rendered":"Das Ger\u00e4t &#8211; der Tuttelb\u00e4r"},"content":{"rendered":"<p>In der verr\u00fcckten Ursprungsvariante habe ich \u00fcberlegt mit meinem Willy&#8217;s Jeep zu fahren (siehe unten).<\/p>\n<p><a href=\"https:\/\/mudokwan.at\/wordpress\/wp-content\/uploads\/2017\/01\/Jeep.jpg\"><img loading=\"lazy\" decoding=\"async\" class=\"aligncenter wp-image-124 size-large\" src=\"https:\/\/mudokwan.at\/wordpress\/wp-content\/uploads\/2017\/01\/Jeep-1024x768.jpg\" width=\"525\" height=\"394\" srcset=\"https:\/\/mudokwan.at\/wordpress\/wp-content\/uploads\/2017\/01\/Jeep-1024x768.jpg 1024w, https:\/\/mudokwan.at\/wordpress\/wp-content\/uploads\/2017\/01\/Jeep-300x225.jpg 300w, https:\/\/mudokwan.at\/wordpress\/wp-content\/uploads\/2017\/01\/Jeep-768x576.jpg 768w, https:\/\/mudokwan.at\/wordpress\/wp-content\/uploads\/2017\/01\/Jeep.jpg 1280w\" sizes=\"auto, (max-width: 525px) 100vw, 525px\" \/><\/a><\/p>\n<p>Das habe ich mir aber bald wieder aus dem Kopf geschlagen. Ein Auto Baujahr 1943 kann noch so robust gebaut sein, es nagt der Zahn der Zeit (nicht nur an den Frauen). Unsere \u00d6sterreich-Umrundung mit dem Jeep (begonnen\u00a02002) hat ja dann auch sieben Jahre statt der geplanten drei Wochen gedauert. Au\u00dferdem habe ich die meisten der \u00f6sterreichischen Pannenfahrer dabei pers\u00f6nlich kennen gelernt. Nicht zu vergessen der gigantische Sprithunger, den der Willy&#8217;s hat (so zwischen 20l und 25l auf hundert Kilometer). Selbst bei den g\u00fcnstigen Benzinpreisen\u00a0in den meisten L\u00e4ndern auf unserer Route w\u00e4re da ein First Class Ticket im Flieger g\u00fcnstiger.<\/p>\n<p>Da ist es aus vielen Gr\u00fcnden vern\u00fcnftiger mit dem Motorrad zu fahren. Darf ich vorstellen: der Tuttelb\u00e4r<\/p>\n<p><a href=\"https:\/\/mudokwan.at\/wordpress\/wp-content\/uploads\/2017\/01\/2012-07-03-16.51.20.jpg\"><img loading=\"lazy\" decoding=\"async\" class=\"aligncenter wp-image-45 size-large\" src=\"https:\/\/mudokwan.at\/wordpress\/wp-content\/uploads\/2017\/01\/2012-07-03-16.51.20-1024x616.jpg\" width=\"525\" height=\"316\" srcset=\"https:\/\/mudokwan.at\/wordpress\/wp-content\/uploads\/2017\/01\/2012-07-03-16.51.20-1024x616.jpg 1024w, https:\/\/mudokwan.at\/wordpress\/wp-content\/uploads\/2017\/01\/2012-07-03-16.51.20-300x180.jpg 300w, https:\/\/mudokwan.at\/wordpress\/wp-content\/uploads\/2017\/01\/2012-07-03-16.51.20-768x462.jpg 768w, https:\/\/mudokwan.at\/wordpress\/wp-content\/uploads\/2017\/01\/2012-07-03-16.51.20-2000x1200.jpg 2000w, https:\/\/mudokwan.at\/wordpress\/wp-content\/uploads\/2017\/01\/2012-07-03-16.51.20.jpg 2048w\" sizes=\"auto, (max-width: 525px) 100vw, 525px\" \/><\/a><b><\/b><i><\/i><u><\/u><\/p>\n<p>BMW GS 1150 Adventure, Baujahr 2003, also noch ohne die Rundum-Elektronik. Aber schon mit ABS und anderen Annehmlichkeiten. Unser Tuttelb\u00e4r ist au\u00dferdem noch mit den folgenden Goodies ausgestattet:<\/p>\n<ul>\n<li>Heizgriffe &#8211; k\u00f6nnte man im Mai auf dem Pamir-Highway brauchen<\/li>\n<li>gro\u00dfer Tank (32 Liter) &#8211; ergibt mehr als 500km Reichweite<\/li>\n<li>BMW Seitenkoffer &#8211; praktisch und einfach abnehmbar<\/li>\n<li>Motorschutz unten\u00a0&#8211; auf Schotterstra\u00dfen empfehlenswert<\/li>\n<li>Zylinderschutz seitlich &#8211;\u00a0ja: sie ist mir schon mal umgefallen<\/li>\n<li>Steinschlagschutz f\u00fcr Scheinwerfer &#8211; im Dunkeln ist nicht gut munkeln<\/li>\n<li>Remus Sportauspuff &#8211; bringt guten Durchzug und unwiderstehlichen Klang (T\u00dcV-Pr\u00fcfer: wegh\u00f6ren!)<\/li>\n<li>abschlie\u00dfbare \u00d6lnachf\u00fcllschraube &#8211; man kann nie wissen wer da was reintun will was nicht hineingeh\u00f6rt<\/li>\n<li>Lenkeinschlagbegrenzer &#8211; in die Kurven geht man mit Seitenlage und sonst gar nix<\/li>\n<li>Windabweiser &#8211; macht sich ab ca. 80 km\/h voll bezahlt<\/li>\n<li>Griffhandschutz &#8211; f\u00fcr die lieben Fingerlein<\/li>\n<li>Extra-Stromstecker f\u00fcr Zusatzger\u00e4te &#8211; notwendig f\u00fcr GPS etc.<\/li>\n<\/ul>\n","protected":false},"excerpt":{"rendered":"<p>In der verr\u00fcckten Ursprungsvariante habe ich \u00fcberlegt mit meinem Willy&#8217;s Jeep zu fahren (siehe unten). Das habe ich mir aber bald wieder aus dem Kopf geschlagen. Ein Auto Baujahr 1943 kann noch so robust gebaut sein, es nagt der Zahn der Zeit (nicht nur an den Frauen). Unsere \u00d6sterreich-Umrundung mit dem Jeep (begonnen\u00a02002) hat ja &hellip; <\/p>\n<p class=\"link-more\"><a href=\"https:\/\/mudokwan.at\/wordpress\/das-geraet-der-tuttelbaer\/\" class=\"more-link\"><span class=\"screen-reader-text\">\u201eDas Ger\u00e4t &#8211; der Tuttelb\u00e4r\u201c <\/span>weiterlesen<\/a><\/p>\n","protected":false},"author":1,"featured_media":102,"parent":0,"menu_order":0,"comment_status":"closed","ping_status":"closed","template":"","meta":{"footnotes":""},"class_list":["post-44","page","type-page","status-publish","has-post-thumbnail","hentry"],"_links":{"self":[{"href":"https:\/\/mudokwan.at\/wordpress\/wp-json\/wp\/v2\/pages\/44","targetHints":{"allow":["GET"]}}],"collection":[{"href":"https:\/\/mudokwan.at\/wordpress\/wp-json\/wp\/v2\/pages"}],"about":[{"href":"https:\/\/mudokwan.at\/wordpress\/wp-json\/wp\/v2\/types\/page"}],"author":[{"embeddable":true,"href":"https:\/\/mudokwan.at\/wordpress\/wp-json\/wp\/v2\/users\/1"}],"replies":[{"embeddable":true,"href":"https:\/\/mudokwan.at\/wordpress\/wp-json\/wp\/v2\/comments?post=44"}],"version-history":[{"count":5,"href":"https:\/\/mudokwan.at\/wordpress\/wp-json\/wp\/v2\/pages\/44\/revisions"}],"predecessor-version":[{"id":125,"href":"https:\/\/mudokwan.at\/wordpress\/wp-json\/wp\/v2\/pages\/44\/revisions\/125"}],"wp:featuredmedia":[{"embeddable":true,"href":"https:\/\/mudokwan.at\/wordpress\/wp-json\/wp\/v2\/media\/102"}],"wp:attachment":[{"href":"https:\/\/mudokwan.at\/wordpress\/wp-json\/wp\/v2\/media?parent=44"}],"curies":[{"name":"wp","href":"https:\/\/api.w.org\/{rel}","templated":true}]}}